 + 1 + 2. Let w(c) = -98 + 4*c + 97 + i*c. What is the tens digit of w(6)?
4
Let h = 687 + -310. Suppose 0 = f + 4*u - 131, -h = -3*f - u + 5*u. Suppose 4*a = f + 97. What is the units digit of a?
6
Suppose -319 = 5*f + 6*f. Let d = f - -34. Suppose 3*w = -2*i + 150, -d*w + 100 = -3*w - i. What is the tens digit of w?
5
Let z = 6 + 24. Let m = -128 + z. What is the hundreds digit of 3/((8/(-4))/m)?
1
Let b be (0/2)/((-6)/(-6)). Suppose b = -2*n + 6, 3*v - 27 = -2*n - 0*n. Suppose 4*r + 105 = v*r. What is the tens digit of r?
3
Suppose v + 217 = 2*p, -89*v = 4*p - 93*v - 444. Let w(m) = -m**2 + 15*m + 4. Let c be w(7). Suppose 0 = -j + c + p. What is the tens digit of j?
6
Suppose -46*u + 17386 - 148062 = -74*u. What is the hundreds digit of u?
6
Suppose -d - 4*o + 9 = 0, 8 = 13*o - 11*o. What is the hundreds digit of (245/(-10))/d*178?
6
Suppose 3980 = 5*i + 5*k, -k - 1105 + 311 = -i. Let c = i - 443. What is the hundreds digit of c?
3
Let f be -6 + 7 - 14*(-3)/6. Suppose 0 = -f*b + 4*b + 676. Let k = -73 + b. What is the tens digit of k?
9
Let o be 2 - (2/6 - 16/12). Suppose 21 = -o*p + 9. Let r(y) = -y**3 - 2*y**2 - 4*y - 8. What is the tens digit of r(p)?
4
Suppose -4*r + 1 + 11 = 0. Let d(f) = r*f - 5*f + 16 - 3*f - 3*f. What is the units digit of d(-10)?
6
Let b be (7 - -3) + -9 - (-2 - 11). What is the units digit of -11 + 133/b - (-2822)/4?
4
Suppose 712913 = -25*f + 3438. What is the hundreds digit of 2 + (-14)/8 + f/(-52)?
5
Let h(y) = 21*y**2 + 185*y - 3. What is the hundreds digit of h(13)?
9
Let w be (18/(-10))/(12/(-80)). Let a = w - 27. What is the units digit of (-4 - a/4) + (-290)/(-8)?
6
What is the tens digit of -4 + 250700/24 - (325/(-78) - -5)?
4
Let b = 64 - 49. Let h(l) = 8*l**2 - b*l - l**3 - 2 - 3*l + 8*l**2 - 2. What is the units digit of h(14)?
6
Let h be (106/5)/(39/3900). Suppose 4*l - 5230 = -3*y, -h = -y - 2*l - 376. What is the hundreds digit of y?
7
Let k be (-3 - -2) + -2 + 3. Suppose 10 = t - k. Suppose 0 = 8*a - t*a + 218. What is the units digit of a?
9
Let l = 60 - 35. Suppose -15 = 2*m - l. Suppose -z = -m*w - 36 + 6, 0 = -3*z + 4*w + 79. What is the units digit of z?
5
Let r(s) = 2*s**3 - 6*s**2 + s + 4. Let o be r(5). Let g be ((-200)/(-70))/(38/(-133)). What is the tens digit of o - (-5)/g*8?
0
Let g be 246 + 2 + (0 - 4). Let v(f) = -2*f. Let z be v(3). What is the hundreds digit of g + -3 + (-12)/z?
2
Let s = 84 - 57. Suppose -14*l = -5*l - s. Suppose 3*a + 3*h - 6 = 0, l*h - 1 = 4*a - 2. What is the units digit of a?
1
Suppose -81*f - 75*f - 132440 = -176*f. What is the tens digit of f?
2
Let g(t) = 28*t**3 + 68*t + 9. What is the thousands digit of g(9)?
1
Suppose 431940 = 15*u + 31*u. What is the thousands digit of u?
9
Let i = -23120 - -44500. What is the hundreds digit of i?
3
Let r(x) = -1264*x + 2011. What is the tens digit of r(-20)?
9
Let t = 89 - 85. Suppose -4*q + 8*q = t*i - 144, -51 = -i - 2*q. What is the units digit of i?
1
What is the thousands digit of ((-10029)/(-6))/(135/630 + 4/14)?
3
Suppose -33*s = -14079 - 14235. Suppose -102 = 12*m - s. What is the units digit of m?
3
Suppose 20*b - 42*b + 154 = 0. Suppose i + b = 48. What is the units digit of i?
1
What is the units digit of 390/(-520) - (-1059)/4?
4
Let v(d) = 3970*d**2 + 12*d - 15. What is the units digit of v(1)?
7
Suppose 0 = -4*q + q - 2190. Let s = 1754 + q. What is the units digit of s?
4
Let q(s) = 2*s + 5. Let d be q(-4). Let h be (-11 - (-3 + (0 - d))) + 3. What is the units digit of (-191)/h - 3/(-24)?
4
Let l(a) = 60*a**2 + 56*a - 155. What is the tens digit of l(5)?
2
Let k(u) = u**2 + 11*u + 18. Let r be k(-9). Suppose r = -31*o + 32*o - 2*d - 1260, 0 = -o + 5*d + 1266. What is the units digit of o?
6
Let z be (-10)/4*-12 + -64 + 64. Suppose -7*y = -z*y + 37467. What is the hundreds digit of y?
6
Let v(n) = 12*n - 55 - 55 + n**2 + 113. Let r be v(-8). Let q = r - -116. What is the tens digit of q?
8
Let a = 539 + -534. Suppose -f = -6*f - 3*s + 2215, f = a*s + 415. What is the tens digit of f?
4
Let g = 210 + -208. Suppose -3*u - 2*u - i + 1058 = 0, 0 = 3*u - g*i - 627. What is the units digit of u?
1
Let w = -15352 + 20985. What is the tens digit of w?
3
Suppose -122345 = -12*m + 49675. What is the ten thousands digit of m?
1
Suppose 6*v + 17 = 5*n + 4*v, 20 = 5*v. What is the tens digit of 0 - -2 - (0 + -955)/n?
9
Let s(h) be the first derivative of h**4/4 + h**3 - 3*h**2 + 18*h - 3. Let v be s(-8). Let x = -166 - v. What is the units digit of x?
8
Suppose -2*f + 4 = 0, 3*f + 1 = -2*t + 27. Let p(n) = n**2 + 58*n - 1110. Let v be p(15). What is the tens digit of (-64)/5*5*v/t?
9
Suppose 3*g + 28 = -2*t, -12*g + 14*g = -2*t - 18. What is the units digit of (-2)/g - (-24738)/35?
7
What is the tens digit of (-6028)/(-3) - (-18 - -16) - (-4)/6?
1
Suppose -18*v + 4 = -14*v, 2*c = -5*v + 12037. Suppose 87*r - c = 79*r. What is the hundreds digit of r?
7
Let w = -58865 + 82675. What is the ten thousands digit of w?
2
Suppose 0 = 218*i - 225*i - 42. What is the tens digit of (-35)/15 + (-518)/i?
8
Let z(l) be the third derivative of l**6/120 - l**5/6 + 7*l**4/24 + 11*l**3/3 + 14*l**2. Let d be z(9). Suppose -55 = -d*p - p. What is the tens digit of p?
1
What is the tens digit of (20035/20 - 1)/(2 + 30/(-16))?
0
Let z(i) = 54*i**3 - 3*i**2 + 3*i + 2. Suppose 2*b - 2 = 4*d, 0 = -4*d - 4*b - 0 + 28. What is the tens digit of z(d)?
2
Let m(g) = 16*g**2 - 29*g + 53. Let f be m(2). What is the tens digit of -28 + 29 + f*11?
5
Let c(s) = 25*s + 39. Let m be c(-3). What is the units digit of m*(-2 + 138/(-12))?
6
What is the units digit of ((0 - -10)/((-46)/(-69)))/(22/11220)?
0
Let j(v) be the second derivative of -2*v**3/3 - 25*v**2/2 - 12*v. Let p(a) = -4*a - 26. Let h(o) = -6*j(o) + 5*p(o). What is the units digit of h(15)?
0
Let w(g) = g**2 - 11*g + 442. Let h be 0/((-96)/(-42) + (-2)/7). What is the hundreds digit of w(h)?
4
Suppose -4*p + 5*h = -29, -p - 2 = -h - 8. Let c(k) be the third derivative of k**5/60 + k**2 + 61. What is the units digit of c(p)?
1
Suppose -4*f = -3*k - 1869, 0 = -4*f + k - 0*k + 1879. Suppose -f = 7*z - 2382. What is the tens digit of z?
7
Let x(d) = -d**2 + 6*d. Let c(t) = -1. Let s(f) = -3*c(f) - x(f). Let u be s(3). What is the tens digit of (-413)/u + (-5)/(-30)?
6
Suppose 62 = -10*g + 11*g. Let k = g - 57. Suppose 3*t + k*m = 199, -4*t = -4*m - 141 - 71. What is the tens digit of t?
5
Suppose -21*v - 121 = 320. Let n(t) = 17*t**2 + 6*t + t**3 + 22 + 5*t**2 + 10*t. What is the hundreds digit of n(v)?
1
Let r = -2071 - -2907. Suppose -24 = -2*p - 3*x + 537, -3*p + x = -r. What is the hundreds digit of p?
2
Let t be (-7 - -10) + 1 + -2*1. Suppose 1563 = t*a - 8*s + 3*s, -2*a - 2*s + 1528 = 0. What is the hundreds digit of a?
7
Let u(i) = i**3 - 16*i**2 - 18*i + 23. Let f be u(17). What is the units digit of f + (-296)/(-1 - 1)?
4
Suppose 0 = -5*t - 12*k + 185012, 4*t - 2*k = -7*k + 148028. What is the hundreds digit of t?
0
Suppose 8 - 14 = -i. Let z be i*(4 + (-1542)/(-9)). What is the hundreds digit of z/8 - 2/(-4)?
1
Suppose -17*d = -19*d + 16. Suppose 0 = 12*s + d - 32. Suppose -s*j + 3*u + 21 = -49, 198 = 5*j + 4*u. What is the units digit of j?
8
Suppose 2*f + 2*f + 2*t = 24, -3*t = 4*f - 26. Suppose -2*p = -f*i + 38, 4*i + p - 4*p = 36. What is the units digit of i?
6
Let s = 1264 + 170. Suppose 9*p - s = 123. What is the units digit of p?
3
Let x(m) = 5*m**3 - 2*m**2 + 2*m - 1. Let r be x(1). Suppose r*f - 364 = -4*p, -3*p + 2*p = 2*f - 92. What is the units digit of p?
0
Suppose 10*a - 7*a = -2*h + 25472, 25471 = 3*a + h. What is the thousands digit of a?
8
Suppose 3*r + 2*g + 111 = -33, -5*g - 15 = 0. Suppose 0 = l - 78 + 22. Let a = r + l. What is the units digit of a?
0
Suppose -2*p = -8, -2*p + 5*p - 24 = -3*s. Suppose -3*j - s*m + 18 = -j, 0 = 2*j + m - 33. Let k = 35 + j. What is the units digit of k?
4
What is the hundreds digit of (-198)/(-1155)*10/(-6) - 165048/(-7)?
5
Suppose -3*s = 2*z + 18, -1 = -s - 2*z - 3. Let q be -4*(12/s - -1). What is the tens digit of q/2*-1*-107?
0
Suppose -6*f = 4*f. Suppose f = 4*r - 32 - 20. What is the tens digit of r?
1
Let w(v) = v**3 + 81*v**2 - 22*v + 134. What is the thousands digit of w(-80)?
8
What is the units digit of 1*550707/27